{"id":257,"date":"2010-12-18T13:16:14","date_gmt":"2010-12-18T13:16:14","guid":{"rendered":"http:\/\/www.transtrend.de\/franzkarl\/wordpress\/?page_id=257"},"modified":"2024-09-11T11:52:32","modified_gmt":"2024-09-11T11:52:32","slug":"berichte","status":"publish","type":"page","link":"https:\/\/www.transtrend.de\/franzkarl\/wordpress\/","title":{"rendered":"Einleitung"},"content":{"rendered":"<h3 style=\"text-align: justify; padding-left: 30px;\">Herzlich willkommen, liebe Leser!<\/h3>\n<p style=\"text-align: justify; padding-left: 30px;\">Seit einigen Jahren schreibe ich diese Seiten. Es geht um wundersch\u00f6ne Flecken im S\u00fcden Deutschlands, um Burgen, Kl\u00f6ster und K\u00fcnstler\u00a0und um viel Erinnerung an alte und ganz alte Zeiten.<\/p>\n<p style=\"text-align: justify; padding-left: 30px;\">Im Oktober 2013 hat dieser Blog dann fast die Grenzen des verf\u00fcgbaren Speicherplatzes gesprengt. es war an der Zeit, Design und Umfang neu zu organisieren und einige \u00c4nderungen durchzuf\u00fchren. Weitere \u00c4nderungen wurden im Fr\u00fchjahr 2017 vorgenommen.<\/p>\n<p style=\"text-align: justify; padding-left: 30px;\">Noch immer gibt es Interessantes aus der Pfalz, Oberschwaben und letztendlich auch aus meinem Leben zu lesen. \u00a0Dabei haben mich beim Schreiben und Recherchieren die netten Kommentare best\u00e4rkt und ich danke f\u00fcr die freundlichen Statements eurerseits.<\/p>\n<p style=\"text-align: justify; padding-left: 30px;\">Am rechten Bildrand k\u00f6nnt Ihr aus den zahlreichen Kategorien w\u00e4hlen und jeweils den passenden Textbeitrag anklicken. Gerne d\u00fcrft Ihr das Eine oder Andere entsprechend kommentieren oder auch etwas dazuschreiben. F\u00fcr alle Berichte \u00fcbernehme ich nat\u00fcrlich keine Gew\u00e4hr, Zahlendreher oder so manche Ungereimtheiten k\u00f6nnen immer mal vorkommen. wobei&#8230;! Wichtig: <strong>Die Webseite ist eine ausschlie\u00dflich private Webseite<\/strong> und werbefrei. Meine Internetpr\u00e4senz hat einen eindeutigen, ausschlie\u00dflich pers\u00f6nlichen Charakter und wird als Online-Tagebuch genutzt, das von der Familie oder Freunden gelesen wird.<\/p>\n<p style=\"text-align: justify; padding-left: 30px;\">Viel Spa\u00df beim Lesen, Euer Franz-Karl | <span style=\"color: #999999;\"><em>letzte Aktualisierung im September\u00a02024<\/em><\/span><\/p>\n<p style=\"padding-left: 40px;\">\n","protected":false},"excerpt":{"rendered":"<p>Herzlich willkommen, liebe Leser! Seit einigen Jahren schreibe ich diese Seiten. Es geht um wundersch\u00f6ne Flecken im S\u00fcden Deutschlands, um Burgen, Kl\u00f6ster und K\u00fcnstler\u00a0und um viel Erinnerung an alte und ganz alte Zeiten. Im Oktober 2013 hat dieser Blog dann fast die Grenzen des verf\u00fcgbaren Speicherplatzes gesprengt. es war an der Zeit, Design und Umfang [&hellip;]<\/p>\n","protected":false},"author":1,"featured_media":0,"parent":0,"menu_order":1,"comment_status":"open","ping_status":"closed","template":"","meta":{"footnotes":""},"class_list":["post-257","page","type-page","status-publish","hentry"],"_links":{"self":[{"href":"https:\/\/www.transtrend.de\/franzkarl\/wordpress\/index.php?rest_route=\/wp\/v2\/pages\/257","targetHints":{"allow":["GET"]}}],"collection":[{"href":"https:\/\/www.transtrend.de\/franzkarl\/wordpress\/index.php?rest_route=\/wp\/v2\/pages"}],"about":[{"href":"https:\/\/www.transtrend.de\/franzkarl\/wordpress\/index.php?rest_route=\/wp\/v2\/types\/page"}],"author":[{"embeddable":true,"href":"https:\/\/www.transtrend.de\/franzkarl\/wordpress\/index.php?rest_route=\/wp\/v2\/users\/1"}],"replies":[{"embeddable":true,"href":"https:\/\/www.transtrend.de\/franzkarl\/wordpress\/index.php?rest_route=%2Fwp%2Fv2%2Fcomments&post=257"}],"version-history":[{"count":26,"href":"https:\/\/www.transtrend.de\/franzkarl\/wordpress\/index.php?rest_route=\/wp\/v2\/pages\/257\/revisions"}],"predecessor-version":[{"id":3317,"href":"https:\/\/www.transtrend.de\/franzkarl\/wordpress\/index.php?rest_route=\/wp\/v2\/pages\/257\/revisions\/3317"}],"wp:attachment":[{"href":"https:\/\/www.transtrend.de\/franzkarl\/wordpress\/index.php?rest_route=%2Fwp%2Fv2%2Fmedia&parent=257"}],"curies":[{"name":"wp","href":"https:\/\/api.w.org\/{rel}","templated":true}]}}

<h3 style="text-align: justify; padding-left: 30px;">Herzlich willkommen, liebe Leser!</h3>
<p style="text-align: justify; padding-left: 30px;">Seit einigen Jahren schreibe ich diese Seiten. Es geht um wunderschöne Flecken im Süden Deutschlands, um Burgen, Klöster und Künstler und um viel Erinnerung an alte und ganz alte Zeiten.</p>
<p style="text-align: justify; padding-left: 30px;">Im Oktober 2013 hat dieser Blog dann fast die Grenzen des verfügbaren Speicherplatzes gesprengt. es war an der Zeit, Design und Umfang neu zu organisieren und einige Änderungen durchzuführen. Weitere Änderungen wurden im Frühjahr 2017 vorgenommen.</p>
<p style="text-align: justify; padding-left: 30px;">Noch immer gibt es Interessantes aus der Pfalz, Oberschwaben und letztendlich auch aus meinem Leben zu lesen.  Dabei haben mich beim Schreiben und Recherchieren die netten Kommentare bestärkt und ich danke für die freundlichen Statements eurerseits.</p>
<p style="text-align: justify; padding-left: 30px;">Am rechten Bildrand könnt Ihr aus den zahlreichen Kategorien wählen und jeweils den passenden Textbeitrag anklicken. Gerne dürft Ihr das Eine oder Andere entsprechend kommentieren oder auch etwas dazuschreiben. Für alle Berichte übernehme ich natürlich keine Gewähr, Zahlendreher oder so manche Ungereimtheiten können immer mal vorkommen. wobei&#8230;! Wichtig: <strong>Die Webseite ist eine ausschließlich private Webseite</strong> und werbefrei. Meine Internetpräsenz hat einen eindeutigen, ausschließlich persönlichen Charakter und wird als Online-Tagebuch genutzt, das von der Familie oder Freunden gelesen wird.</p>
<p style="text-align: justify; padding-left: 30px;">Viel Spaß beim Lesen, Euer Franz-Karl | <span style="color: #999999;"><em>letzte Aktualisierung im September 2024</em></span></p>
<p style="padding-left: 40px;">

<p>Herzlich willkommen, liebe Leser! Seit einigen Jahren schreibe ich diese Seiten. Es geht um wunderschöne Flecken im Süden Deutschlands, um Burgen, Klöster und Künstler und um viel Erinnerung an alte und ganz alte Zeiten. Im Oktober 2013 hat dieser Blog dann fast die Grenzen des verfügbaren Speicherplatzes gesprengt. es war an der Zeit, Design und Umfang [&hellip;]</p>
